mmon factor of 37 and 13061?
37
What is the greatest common divisor of 41 and 2173?
41
What is the highest common divisor of 165 and 75?
15
Calculate the greatest common divisor of 207 and 2139.
69
What is the greatest common factor of 38 and 684?
38
Calculate the highest common divisor of 102956 and 28.
28
What is the greatest common divisor of 3 and 12?
3
What is the greatest common divisor of 6080 and 114?
38
What is the highest common factor of 328 and 408?
8
Calculate the highest common divisor of 119 and 21.
7
What is the greatest common factor of 286 and 52?
26
Calculate the highest common divisor of 364 and 224.
28
What is the highest common factor of 187 and 143?
11
Calculate the greatest common divisor of 7312 and 80.
16
Calculate the greatest common divisor of 2151 and 956.
239
What is the highest common divisor of 3444 and 96?
12
Calculate the highest common factor of 16 and 440.
8
What is the highest common divisor of 105 and 105?
105
What is the highest common divisor of 169 and 1963?
13
Calculate the greatest common divisor of 13 and 689.
13
What is the greatest common divisor of 24352 and 32?
32
Calculate the highest common divisor of 12 and 576.
12
What is the greatest common factor of 162 and 18?
18
Calculate the greatest common factor of 86 and 4257.
43
Calculate the highest common divisor of 168 and 7784.
56
What is the highest common factor of 10368 and 640?
128
Calculate the greatest common divisor of 17856 and 720.
144
What is the highest common factor of 713 and 155?
31
What is the highest common factor of 31 and 124?
31
Calculate the greatest common divisor of 549 and 244.
61
What is the highest common divisor of 31 and 3?
1
Calculate the highest common divisor of 6330 and 12.
6
What is the highest common factor of 32 and 2?
2
What is the highest common factor of 1264 and 1422?
158
What is the greatest common factor of 833 and 147?
49
Calculate the highest common factor of 40 and 656.
8
Calculate the highest common factor of 1462 and 68.
34
Calculate the highest common divisor of 1265 and 110.
55
What is the greatest common factor of 45 and 4575?
15
What is the greatest common divisor of 29 and 29?
29
What is the highest common factor of 6 and 642?
6
What is the highest common divisor of 6 and 144?
6
What is the highest common divisor of 16 and 8184?
8
What is the highest common factor of 287 and 123?
41
What is the greatest common divisor of 73 and 73?
73
Calculate the greatest common divisor of 432 and 108.
108
What is the highest common divisor of 186 and 403?
31
What is the greatest common divisor of 20 and 370?
10
What is the highest common factor of 16 and 6?
2
What is the highest common factor of 112 and 4396?
28
Calculate the highest common factor of 6858 and 54.
54
What is the greatest common divisor of 25 and 400?
25
What is the highest common divisor of 2 and 322?
2
Calculate the greatest common divisor of 82 and 1025.
41
Calculate the greatest common factor of 106 and 424.
106
What is the greatest common factor of 4399 and 83?
83
What is the greatest common divisor of 56 and 1120?
56
Calculate the highest common factor of 112 and 32.
16
What is the highest common factor of 40 and 7100?
20
Calculate the greatest common factor of 2688 and 84.
84
What is the highest common divisor of 27 and 603?
9
What is the greatest common divisor of 2 and 106?
2
Calculate the greatest common factor of 228 and 2812.
76
What is the greatest common factor of 18 and 282?
6
What is the highest common factor of 161 and 391?
23
Calculate the greatest common factor of 56 and 154.
14
Calculate the greatest common factor of 517 and 231.
11
What is the greatest common divisor of 972 and 336?
12
What is the greatest common divisor of 285 and 120?
15
Calculate the highest common factor of 60 and 1860.
60
Calculate the highest common divisor of 2196 and 3172.
244
What is the highest common factor of 341 and 527?
31
What is the greatest common factor of 1802 and 102?
34
Calculate the highest common divisor of 14 and 63.
7
Calculate the highest common factor of 111 and 3.
3
What is the highest common divisor of 1 and 5?
1
Calculate the greatest common divisor of 8536 and 80.
8
What is the highest common divisor of 110 and 70?
10
What is the highest common divisor of 1166 and 2438?
106
Calculate the highest common factor of 395 and 5.
5
What is the greatest common divisor of 75 and 425?
25
Calculate the greatest common factor of 30 and 24.
6
What is the greatest common factor of 296 and 58312?
296
Calculate the highest common factor of 48 and 264.
24
Calculate the highest common factor of 60 and 1320.
60
What is the highest common divisor of 134 and 7303?
67
Calculate the greatest common divisor of 17 and 156264.
17
What is the greatest common divisor of 44 and 4708?
44
What is the highest common factor of 8 and 116?
4
What is the greatest common divisor of 108 and 1752?
12
What is the highest common divisor of 60 and 240?
60
What is the highest common factor of 81 and 45?
9
Calculate the greatest common factor of 5828 and 376.
188
Calculate the highest common divisor of 42 and 364.
14
Calculate the highest common factor of 110 and 44.
22
What is the greatest common divisor of 1276 and 116?
116
What is the highest common divisor of 3024 and 54?
54
What is the highest common factor of 606 and 282?
6
Calculate the highest common factor of 11 and 3905.
11
Calculate the greatest common divisor of 90 and 360.
90
What is the greatest common divisor of 1242 and 13869?
207
Calculate the greatest common divisor of 8 and 2.
2
What is the highest common factor of 495 and 45?
45
What is the greatest common factor of 43 and 8557?
43
Calculate the greatest common divisor of 45254 and 748.
374
Calculate the greatest common divisor of 15 and 25710.
15
Calculate the greatest common divisor of 81 and 3348.
27
Calculate the greatest common factor of 9 and 3141.
9
What is the greatest common divisor of 5 and 320?
5
Calculate the highest common factor of 8 and 15.
1
Calculate the highest common divisor of 26 and 182.
26
Calculate the greatest common factor of 45 and 555.
15
Calculate the greatest common divisor of 266 and 525.
7
What is the highest common divisor of 35 and 560?
35
What is the highest common factor of 330 and 1254?
66
Calculate the highest common factor of 36 and 132.
12
What is the greatest common factor of 178 and 2?
2
What is the highest common divisor of 26 and 767?
13
Calculate the greatest common factor of 2525 and 50.
25
Calculate the greatest common divisor of 55 and 60.
5
What is the highest common divisor of 276 and 1311?
69
Calculate the greatest common factor of 87 and 4785.
87
What is the highest common factor of 21 and 371?
7
What is the highest common factor of 105 and 12?
3
What is the greatest common factor of 11150 and 200?
50
Calculate the highest common factor of 495 and 90.
45
What is the greatest common factor of 195 and 2865?
15
What is the highest common factor of 812 and 448?
28
Calculate the highest common divisor of 180 and 75.
15
Calculate the highest common divisor of 640 and 200.
40
What is the greatest common factor of 655 and 262?
131
What is the greatest common factor of 1872 and 12?
12
Calculate the highest common factor of 259 and 16576.
259
What is the greatest common divisor of 7 and 3780?
7
Calculate the greatest common divisor of 4727 and 261.
29
What is the greatest common divisor of 117 and 5850?
117
What is the greatest common factor of 324 and 216?
108
What is the highest common factor of 260 and 312?
52
What is the greatest common divisor of 21 and 273?
21
Calculate the greatest common divisor of 57 and 9519.
57
Calculate the highest common factor of 9138 and 6.
6
Calculate the greatest common factor of 19683 and 162.
81
Calculate the greatest common factor of 280 and 40.
40
What is the greatest common factor of 3090 and 10?
10
Calculate the highest common divisor of 64 and 832.
64
Calculate the greatest common factor of 53 and 848.
53
What is the greatest common divisor of 15 and 165?
15
What is the greatest common divisor of 4706 and 10?
2
What is the highest common factor of 1036 and 28?
28
What is the highest common divisor of 2919 and 63?
21
Calculate the highest common divisor of 6 and 48.
6